{"id":190,"date":"2017-04-19T09:00:07","date_gmt":"2017-04-19T09:00:07","guid":{"rendered":"http:\/\/7uptheme.com\/wordpress\/fruitshop\/?post_type=product&#038;p=190"},"modified":"2024-10-11T23:35:16","modified_gmt":"2024-10-11T20:35:16","slug":"foil-accent-business-cards","status":"publish","type":"product","link":"https:\/\/www.ranali.com.tr\/int\/product\/foil-accent-business-cards\/","title":{"rendered":"Foil Accent Business Cards"},"content":{"rendered":"<h2>Foil Accent Business Cards<\/h2>\n<p>It is the application of gold and silver foil accent and elements such as text, logo and design on the business card. It is called foil gilded business card too. Gold and silver foil business cards offer an impressive appearance even in simple designs. For those who want to present their impressive work with an artistic look&#8230;<\/p>\n<h4><strong>We are aware of the importance of business cards:<\/strong><\/h4>\n<p>We know how important it is for you to present your company, brand, business. Business cards are one of our main promotional tools that introduce ourselves and our business while starting and continuing business life. We need business cards when introducing ourselves to our first interlocutors and conveying our contact information. The design and print quality of the <strong>business card<\/strong> has a special place in terms of the first impression we leave in the business world. We are aware of this importance.<\/p>\n<h4><strong>Professional Team:<\/strong><\/h4>\n<p>We carry out business card printing with our staff with many years of experience. Thanks to our high printing capacity and many years of experience, we have been serving you for many years at <strong>affordable<\/strong> prices.<\/p>\n<h4><strong>Order process:<\/strong><\/h4>\n<p>By placing your order on our website, you can easily access your magnificent gold and silver gilded business card. Is there something you want to ask? You can always reach our friends via WhatsApp and consult their information.<\/p>\n<h4><strong>What information should be on the business card:<\/strong><\/h4>\n<p>The general information that should be included in a business card is as follows.<\/p>\n<ul>\n<li>Logo<\/li>\n<li>Company name<\/li>\n<li>Personal name<\/li>\n<li>Job Title<\/li>\n<li>Address<\/li>\n<li>Email address<\/li>\n<li>Website<\/li>\n<li>Phone numbers<\/li>\n<li>Social media accounts<\/li>\n<\/ul>\n<p>As <strong> Ranali<\/strong>, we are always with you, with high print quality and design support when you need it.<\/p>\n<p><strong>Things to know before ordering:<\/strong><\/p>\n<ul class=\"WelcomeList\">\n<li>Average printing\/production time is 8-12 business days for Foil Accent Business Cards.<\/li>\n<li>There may be 1-7% wastage in pieces, sizes and colors.<\/li>\n<\/ul>\n<h3>Foil Accent Business Cards Types<\/h3>\n<p>&nbsp;<\/p>\n<p><strong>Gold Foil (Front Only)<br \/>\n<\/strong><em>SKU: AY<\/em><\/p>\n<ul>\n<li>Gold gilding print only on the front surface of the business card<\/li>\n<li>There is no print on the back surface.<\/li>\n<li>Printed on <strong>16pt\/350 gsm<\/strong> coated paper.<\/li>\n<li>The surface of the business card is matte cellophane.<\/li>\n<li>Dimension is 84&#215;52 mm.<\/li>\n<li>Gold gilding can be applied to logos, names and lines.<\/li>\n<\/ul>\n<p><strong>Silver Foil (Front Only)<br \/>\n<\/strong><em>SKU:GY<\/em><\/p>\n<ul>\n<li>Silver foil gilding print on the front surface of the business card<\/li>\n<li>There is no print on the back surface.<\/li>\n<li>Printed on <strong>16pt\/350 gsm<\/strong> coated paper.<\/li>\n<li>The surface of the business card is matte cellophane.<\/li>\n<li>Dimension is 84&#215;52 mm.<\/li>\n<li>Silver gilding can be applied to logos, names and lines.<\/li>\n<\/ul>\n<p><strong>Custom Cut Gold Foil<br \/>\n(Front and Back Printed)<br \/>\n<\/strong><em>SKU:V\u0130P<\/em><\/p>\n<ul>\n<li>Gold gilding print only on the front surface of the business card<\/li>\n<li>Double sided printed<\/li>\n<li><strong>Custom cut<\/strong> and lacquer<\/li>\n<li>Printed on <strong>16 pt\/350 gsm<\/strong> coated paper.<\/li>\n<li>The surface of the business card is matte cellophane.<\/li>\n<li>Dimension is 84&#215;52 mm.<\/li>\n<li>Gold gilding can be applied to logos, names and lines.<\/li>\n<\/ul>\n<p><strong>Thick paper Gold Foil (Front and Back Printed)<br \/>\n<\/strong><em>\u00dcr\u00fcn Kodu:A-TANK<\/em><strong><br \/>\n<\/strong><\/p>\n<ul>\n<li>Gold gilding print only on the front surface of the business card<\/li>\n<li>Double side printed<\/li>\n<li><strong>Custom cut corner<\/strong> and lacquer<\/li>\n<li>Printed on <strong>36pt\/800 gsm<\/strong> Bristol paper.<\/li>\n<li>The surface of the business card is embossed lacquer.<\/li>\n<li>Dimension is 84&#215;52 mm.<\/li>\n<li>Gold gilding can be applied to logos, names and lines.<\/li>\n<\/ul>\n","protected":false},"excerpt":{"rendered":"<p>You can successfully represent your brand with a gold and silver gilded business card. It is a highly preferred business card option in jewelry and artistic works.<\/p>\n<p><strong>Gold and Silver business card <\/strong> to get acquainted with features <span style=\"color: #339966;\"><a style=\"color: #339966;\" href=\"#types\">Click<\/a><\/span> to go to description.<\/p>\n","protected":false},"featured_media":4635,"comment_status":"open","ping_status":"closed","template":"","meta":{"_uag_custom_page_level_css":"","site-sidebar-layout":"no-sidebar","site-content-layout":"plain-container","ast-site-content-layout":"","site-content-style":"default","site-sidebar-style":"default","ast-global-header-display":"","ast-banner-title-visibility":"","ast-main-header-display":"","ast-hfb-above-header-display":"","ast-hfb-below-header-display":"","ast-hfb-mobile-header-display":"","site-post-title":"disabled","ast-breadcrumbs-content":"","ast-featured-img":"disabled","footer-sml-layout":"","theme-transparent-header-meta":"default","adv-header-id-meta":"","stick-header-meta":"","header-above-stick-meta":"","header-main-stick-meta":"","header-below-stick-meta":"","astra-migrate-meta-layouts":"default","ast-page-background-enabled":"default","ast-page-background-meta":{"desktop":{"background-color":"var(--ast-global-color-4)","background-image":"","background-repeat":"repeat","background-position":"center center","background-size":"auto","background-attachment":"scroll","background-type":"","background-media":"","overlay-type":"","overlay-color":"","overlay-opacity":"","overlay-gradient":""},"tablet":{"background-color":"","background-image":"","background-repeat":"repeat","background-position":"center center","background-size":"auto","background-attachment":"scroll","background-type":"","background-media":"","overlay-type":"","overlay-color":"","overlay-opacity":"","overlay-gradient":""},"mobile":{"background-color":"","background-image":"","background-repeat":"repeat","background-position":"center center","background-size":"auto","background-attachment":"scroll","background-type":"","background-media":"","overlay-type":"","overlay-color":"","overlay-opacity":"","overlay-gradient":""}},"ast-content-background-meta":{"desktop":{"background-color":"var(--ast-global-color-5)","background-image":"","background-repeat":"repeat","background-position":"center center","background-size":"auto","background-attachment":"scroll","background-type":"","background-media":"","overlay-type":"","overlay-color":"","overlay-opacity":"","overlay-gradient":""},"tablet":{"background-color":"var(--ast-global-color-5)","background-image":"","background-repeat":"repeat","background-position":"center center","background-size":"auto","background-attachment":"scroll","background-type":"","background-media":"","overlay-type":"","overlay-color":"","overlay-opacity":"","overlay-gradient":""},"mobile":{"background-color":"var(--ast-global-color-5)","background-image":"","background-repeat":"repeat","background-position":"center center","background-size":"auto","background-attachment":"scroll","background-type":"","background-media":"","overlay-type":"","overlay-color":"","overlay-opacity":"","overlay-gradient":""}}},"product_cat":[77],"product_tag":[164],"class_list":{"0":"post-190","1":"product","2":"type-product","3":"status-publish","4":"has-post-thumbnail","6":"product_cat-business-cards","7":"product_tag-thick-business-cards","8":"desktop-align-left","9":"tablet-align-left","10":"mobile-align-left","12":"first","13":"instock","14":"taxable","15":"shipping-taxable","16":"purchasable","17":"product-type-variable","18":"has-default-attributes"},"yoast_head":"<!-- This site is optimized with the Yoast SEO plugin v23.3 - https:\/\/yoast.com\/wordpress\/plugins\/seo\/ -->\n<title>Foil Accent Business Cards - Ranali<\/title>\n<meta name=\"description\" content=\"It is the application of gold and silver gilding and elements such as text, logo and design on the business card.\" \/>\n<meta name=\"robots\" content=\"index, follow, max-snippet:-1, max-image-preview:large, max-video-preview:-1\" \/>\n<link rel=\"canonical\" href=\"https:\/\/www.ranali.com.tr\/int\/product\/foil-accent-business-cards\/\" \/>\n<meta name=\"twitter:card\" content=\"summary_large_image\" \/>\n<meta name=\"twitter:title\" content=\"Foil Accent Business Cards - Ranali\" \/>\n<meta name=\"twitter:description\" content=\"It is the application of gold and silver gilding and elements such as text, logo and design on the business card.\" \/>\n<meta name=\"twitter:image\" content=\"https:\/\/www.ranali.com.tr\/int\/wp-content\/uploads\/2017\/04\/yaldizli-altin-kartvizit.jpg\" \/>\n<meta name=\"twitter:label1\" content=\"Est. reading time\" \/>\n\t<meta name=\"twitter:data1\" content=\"3 minutes\" \/>\n<script type=\"application\/ld+json\" class=\"yoast-schema-graph\">{\"@context\":\"https:\/\/schema.org\",\"@graph\":[{\"@type\":\"WebPage\",\"@id\":\"https:\/\/www.ranali.com.tr\/int\/product\/foil-accent-business-cards\/\",\"url\":\"https:\/\/www.ranali.com.tr\/int\/product\/foil-accent-business-cards\/\",\"name\":\"Foil Accent Business Cards - Ranali\",\"isPartOf\":{\"@id\":\"https:\/\/www.ranali.com.tr\/int\/#website\"},\"primaryImageOfPage\":{\"@id\":\"https:\/\/www.ranali.com.tr\/int\/product\/foil-accent-business-cards\/#primaryimage\"},\"image\":{\"@id\":\"https:\/\/www.ranali.com.tr\/int\/product\/foil-accent-business-cards\/#primaryimage\"},\"thumbnailUrl\":\"https:\/\/www.ranali.com.tr\/int\/wp-content\/uploads\/2017\/04\/yaldizli-altin-kartvizit.jpg\",\"datePublished\":\"2017-04-19T09:00:07+00:00\",\"dateModified\":\"2024-10-11T20:35:16+00:00\",\"description\":\"It is the application of gold and silver gilding and elements such as text, logo and design on the business card.\",\"breadcrumb\":{\"@id\":\"https:\/\/www.ranali.com.tr\/int\/product\/foil-accent-business-cards\/#breadcrumb\"},\"inLanguage\":\"en-US\",\"potentialAction\":[{\"@type\":\"ReadAction\",\"target\":[\"https:\/\/www.ranali.com.tr\/int\/product\/foil-accent-business-cards\/\"]}]},{\"@type\":\"ImageObject\",\"inLanguage\":\"en-US\",\"@id\":\"https:\/\/www.ranali.com.tr\/int\/product\/foil-accent-business-cards\/#primaryimage\",\"url\":\"https:\/\/www.ranali.com.tr\/int\/wp-content\/uploads\/2017\/04\/yaldizli-altin-kartvizit.jpg\",\"contentUrl\":\"https:\/\/www.ranali.com.tr\/int\/wp-content\/uploads\/2017\/04\/yaldizli-altin-kartvizit.jpg\",\"width\":800,\"height\":800,\"caption\":\"Alt\u0131n Yald\u0131zl\u0131 kartvizit\"},{\"@type\":\"BreadcrumbList\",\"@id\":\"https:\/\/www.ranali.com.tr\/int\/product\/foil-accent-business-cards\/#breadcrumb\",\"itemListElement\":[{\"@type\":\"ListItem\",\"position\":1,\"name\":\"Home\",\"item\":\"https:\/\/www.ranali.com.tr\/int\/\"},{\"@type\":\"ListItem\",\"position\":2,\"name\":\"Shop\",\"item\":\"https:\/\/www.ranali.com.tr\/int\/shop\/\"},{\"@type\":\"ListItem\",\"position\":3,\"name\":\"Foil Accent Business Cards\"}]},{\"@type\":\"WebSite\",\"@id\":\"https:\/\/www.ranali.com.tr\/int\/#website\",\"url\":\"https:\/\/www.ranali.com.tr\/int\/\",\"name\":\"Ranali\",\"description\":\"\",\"publisher\":{\"@id\":\"https:\/\/www.ranali.com.tr\/int\/#organization\"},\"alternateName\":\"Ranali Printing\",\"potentialAction\":[{\"@type\":\"SearchAction\",\"target\":{\"@type\":\"EntryPoint\",\"urlTemplate\":\"https:\/\/www.ranali.com.tr\/int\/?s={search_term_string}\"},\"query-input\":\"required name=search_term_string\"}],\"inLanguage\":\"en-US\"},{\"@type\":\"Organization\",\"@id\":\"https:\/\/www.ranali.com.tr\/int\/#organization\",\"name\":\"Ranali Printing \u0130nternational\",\"alternateName\":\"Ranali Printing\",\"url\":\"https:\/\/www.ranali.com.tr\/int\/\",\"logo\":{\"@type\":\"ImageObject\",\"inLanguage\":\"en-US\",\"@id\":\"https:\/\/www.ranali.com.tr\/int\/#\/schema\/logo\/image\/\",\"url\":\"https:\/\/www.ranali.com.tr\/int\/wp-content\/uploads\/2022\/05\/LOGO_ENG.jpg\",\"contentUrl\":\"https:\/\/www.ranali.com.tr\/int\/wp-content\/uploads\/2022\/05\/LOGO_ENG.jpg\",\"width\":224,\"height\":74,\"caption\":\"Ranali Printing \u0130nternational\"},\"image\":{\"@id\":\"https:\/\/www.ranali.com.tr\/int\/#\/schema\/logo\/image\/\"},\"sameAs\":[\"https:\/\/www.instagram.com\/ranalicomtr\/\"]}]}<\/script>\n<!-- \/ Yoast SEO plugin. -->","yoast_head_json":{"title":"Foil Accent Business Cards - Ranali","description":"It is the application of gold and silver gilding and elements such as text, logo and design on the business card.","robots":{"index":"index","follow":"follow","max-snippet":"max-snippet:-1","max-image-preview":"max-image-preview:large","max-video-preview":"max-video-preview:-1"},"canonical":"https:\/\/www.ranali.com.tr\/int\/product\/foil-accent-business-cards\/","twitter_card":"summary_large_image","twitter_title":"Foil Accent Business Cards - Ranali","twitter_description":"It is the application of gold and silver gilding and elements such as text, logo and design on the business card.","twitter_image":"https:\/\/www.ranali.com.tr\/int\/wp-content\/uploads\/2017\/04\/yaldizli-altin-kartvizit.jpg","twitter_misc":{"Est. reading time":"3 minutes"},"schema":{"@context":"https:\/\/schema.org","@graph":[{"@type":"WebPage","@id":"https:\/\/www.ranali.com.tr\/int\/product\/foil-accent-business-cards\/","url":"https:\/\/www.ranali.com.tr\/int\/product\/foil-accent-business-cards\/","name":"Foil Accent Business Cards - Ranali","isPartOf":{"@id":"https:\/\/www.ranali.com.tr\/int\/#website"},"primaryImageOfPage":{"@id":"https:\/\/www.ranali.com.tr\/int\/product\/foil-accent-business-cards\/#primaryimage"},"image":{"@id":"https:\/\/www.ranali.com.tr\/int\/product\/foil-accent-business-cards\/#primaryimage"},"thumbnailUrl":"https:\/\/www.ranali.com.tr\/int\/wp-content\/uploads\/2017\/04\/yaldizli-altin-kartvizit.jpg","datePublished":"2017-04-19T09:00:07+00:00","dateModified":"2024-10-11T20:35:16+00:00","description":"It is the application of gold and silver gilding and elements such as text, logo and design on the business card.","breadcrumb":{"@id":"https:\/\/www.ranali.com.tr\/int\/product\/foil-accent-business-cards\/#breadcrumb"},"inLanguage":"en-US","potentialAction":[{"@type":"ReadAction","target":["https:\/\/www.ranali.com.tr\/int\/product\/foil-accent-business-cards\/"]}]},{"@type":"ImageObject","inLanguage":"en-US","@id":"https:\/\/www.ranali.com.tr\/int\/product\/foil-accent-business-cards\/#primaryimage","url":"https:\/\/www.ranali.com.tr\/int\/wp-content\/uploads\/2017\/04\/yaldizli-altin-kartvizit.jpg","contentUrl":"https:\/\/www.ranali.com.tr\/int\/wp-content\/uploads\/2017\/04\/yaldizli-altin-kartvizit.jpg","width":800,"height":800,"caption":"Alt\u0131n Yald\u0131zl\u0131 kartvizit"},{"@type":"BreadcrumbList","@id":"https:\/\/www.ranali.com.tr\/int\/product\/foil-accent-business-cards\/#breadcrumb","itemListElement":[{"@type":"ListItem","position":1,"name":"Home","item":"https:\/\/www.ranali.com.tr\/int\/"},{"@type":"ListItem","position":2,"name":"Shop","item":"https:\/\/www.ranali.com.tr\/int\/shop\/"},{"@type":"ListItem","position":3,"name":"Foil Accent Business Cards"}]},{"@type":"WebSite","@id":"https:\/\/www.ranali.com.tr\/int\/#website","url":"https:\/\/www.ranali.com.tr\/int\/","name":"Ranali","description":"","publisher":{"@id":"https:\/\/www.ranali.com.tr\/int\/#organization"},"alternateName":"Ranali Printing","potentialAction":[{"@type":"SearchAction","target":{"@type":"EntryPoint","urlTemplate":"https:\/\/www.ranali.com.tr\/int\/?s={search_term_string}"},"query-input":"required name=search_term_string"}],"inLanguage":"en-US"},{"@type":"Organization","@id":"https:\/\/www.ranali.com.tr\/int\/#organization","name":"Ranali Printing \u0130nternational","alternateName":"Ranali Printing","url":"https:\/\/www.ranali.com.tr\/int\/","logo":{"@type":"ImageObject","inLanguage":"en-US","@id":"https:\/\/www.ranali.com.tr\/int\/#\/schema\/logo\/image\/","url":"https:\/\/www.ranali.com.tr\/int\/wp-content\/uploads\/2022\/05\/LOGO_ENG.jpg","contentUrl":"https:\/\/www.ranali.com.tr\/int\/wp-content\/uploads\/2022\/05\/LOGO_ENG.jpg","width":224,"height":74,"caption":"Ranali Printing \u0130nternational"},"image":{"@id":"https:\/\/www.ranali.com.tr\/int\/#\/schema\/logo\/image\/"},"sameAs":["https:\/\/www.instagram.com\/ranalicomtr\/"]}]}},"uagb_featured_image_src":{"full":["https:\/\/www.ranali.com.tr\/int\/wp-content\/uploads\/2017\/04\/yaldizli-altin-kartvizit.jpg",800,800,false],"thumbnail":["https:\/\/www.ranali.com.tr\/int\/wp-content\/uploads\/2017\/04\/yaldizli-altin-kartvizit-150x150.jpg",150,150,true],"medium":["https:\/\/www.ranali.com.tr\/int\/wp-content\/uploads\/2017\/04\/yaldizli-altin-kartvizit-300x300.jpg",300,300,true],"medium_large":["https:\/\/www.ranali.com.tr\/int\/wp-content\/uploads\/2017\/04\/yaldizli-altin-kartvizit-768x768.jpg",768,768,true],"large":["https:\/\/www.ranali.com.tr\/int\/wp-content\/uploads\/2017\/04\/yaldizli-altin-kartvizit.jpg",800,800,false],"1536x1536":["https:\/\/www.ranali.com.tr\/int\/wp-content\/uploads\/2017\/04\/yaldizli-altin-kartvizit.jpg",800,800,false],"2048x2048":["https:\/\/www.ranali.com.tr\/int\/wp-content\/uploads\/2017\/04\/yaldizli-altin-kartvizit.jpg",800,800,false],"woocommerce_thumbnail":["https:\/\/www.ranali.com.tr\/int\/wp-content\/uploads\/2017\/04\/yaldizli-altin-kartvizit-430x430.jpg",430,430,true],"woocommerce_single":["https:\/\/www.ranali.com.tr\/int\/wp-content\/uploads\/2017\/04\/yaldizli-altin-kartvizit-700x700.jpg",700,700,true],"woocommerce_gallery_thumbnail":["https:\/\/www.ranali.com.tr\/int\/wp-content\/uploads\/2017\/04\/yaldizli-altin-kartvizit-100x100.jpg",100,100,true]},"uagb_author_info":{"display_name":"Ranali","author_link":"https:\/\/www.ranali.com.tr\/int\/author\/"},"uagb_comment_info":0,"uagb_excerpt":"You can successfully represent your brand with a gold and silver gilded business card. It is a highly preferred business card option in jewelry and artistic works. Gold and Silver business card to get acquainted with features Click to go to description.","_links":{"self":[{"href":"https:\/\/www.ranali.com.tr\/int\/wp-json\/wp\/v2\/product\/190","targetHints":{"allow":["GET"]}}],"collection":[{"href":"https:\/\/www.ranali.com.tr\/int\/wp-json\/wp\/v2\/product"}],"about":[{"href":"https:\/\/www.ranali.com.tr\/int\/wp-json\/wp\/v2\/types\/product"}],"replies":[{"embeddable":true,"href":"https:\/\/www.ranali.com.tr\/int\/wp-json\/wp\/v2\/comments?post=190"}],"wp:featuredmedia":[{"embeddable":true,"href":"https:\/\/www.ranali.com.tr\/int\/wp-json\/wp\/v2\/media\/4635"}],"wp:attachment":[{"href":"https:\/\/www.ranali.com.tr\/int\/wp-json\/wp\/v2\/media?parent=190"}],"wp:term":[{"taxonomy":"product_cat","embeddable":true,"href":"https:\/\/www.ranali.com.tr\/int\/wp-json\/wp\/v2\/product_cat?post=190"},{"taxonomy":"product_tag","embeddable":true,"href":"https:\/\/www.ranali.com.tr\/int\/wp-json\/wp\/v2\/product_tag?post=190"}],"curies":[{"name":"wp","href":"https:\/\/api.w.org\/{rel}","templated":true}]}}